8 + 2222024. Is q a prime number?
False
Let p(g) = -4*g - 40. Let m be p(-10). Suppose 4*y + 0 - 26 = -5*w, m = 3*y + 2*w - 16. Suppose -2*j - j - 5*f = -1887, y*f = j - 629. Is j composite?
True
Let u(c) = -20*c - 283. Let l be u(-14). Let f(b) = -1375*b - 16. Is f(l) a prime number?
False
Let j = 5624296 - 3092927. Is j a prime number?
True
Suppose t + 2*t - 90 = -3*q, 0 = -3*q - 15. Is 8/(-28) - 1/(t/(-286695)) a composite number?
False
Let i = -17 + 21. Suppose i*u = 17 - 1. Suppose -b = -u*s + 3001, -3*s - 3*b = -s - 1511. Is s composite?
False
Let d be (6*2/(-10))/((-4)/23330). Let n = 10729 - d. Suppose 0 = 306*c - 301*c - n. Is c prime?
False
Suppose -1217 = 7*l + 2304. Let h = 747 + l. Suppose -4*r = -1912 + h. Is r composite?
True
Let v be (20/70)/(10/175). Is v + (-8 - 4) + 4208 composite?
False
Let j(u) = -u**3 + 8*u**2 + 8*u + 12. Let a be j(9). Suppose a*c = 5*c - 1334. Is c prime?
False
Let c be (-11)/(198/4) + 257044/18. Suppose -24*v = -20*v - c. Let w = 5009 - v. Is w a composite number?
False
Let s(h) = 28*h**3 - 12*h**2 + 19*h + 8. Let w be s(6). Suppose 16036 + w = 6*z. Is z composite?
True
Suppose 0 = -124*v + 302*v - 58066804. Is v a prime number?
False
Is (-3 + 224/70)*(824044 - -1) prime?
True
Let c = -264 - -262. Is ((-16)/(c + -2))/(8/15802) composite?
False
Let q(k) = k**2 - 8*k - 121. Let n be q(-9). Suppose 0 = n*w + 15*w - 483583. Is w prime?
True
Let k(n) = -54*n**3 - 9*n**2 - 6*n - 53. Let u be k(-12). Suppose 24945 = 2*y + 2*o - 11883, 0 = 5*y - 2*o - u. Is y a composite number?
True
Let q(b) = 25*b**2 + 25*b + 26. Let l be q(15). Suppose 4*a - 3001 = -v, 2*v - l = -8*a + 6*a. Is v prime?
False
Suppose 0 = 144*r - 145*r + 12402. Suppose -4*c - 9400 = -2*p + r, 2*c = -4*p + 43574. Is p a prime number?
False
Let c be (11 + -1)*26/52. Is ((-58)/(-8))/(7638/(-1528) + c) prime?
False
Suppose -l + 4*g = -35026, -175082 = -5*l - 26*g + 22*g. Is l a prime number?
False
Let s be ((-12)/10)/((-12)/40). Let v(n) = 5*n**2 + 8*n - 4. Let k be v(-2). Suppose k = 4*g - 12 - s, -1411 = -a + 3*g. Is a a composite number?
False
Let n(c) = 434*c - 8. Let l be n(7). Let r = -1774 + l. Is (((-24)/(-4))/(-2) - r)/(-1) prime?
True
Let y(c) = -2*c**2 + 359*c + 47. Is y(50) a prime number?
False
Let t = -8 + 113. Suppose 7*c = 25*c - 4572. Let a = c - t. Is a prime?
True
Suppose 746*k - 742*k + 2*h - 214612 = 0, 3*k - 160973 = -5*h. Is k a composite number?
True
Let g(i) = 32828*i**2 - 590*i + 2929. Is g(5) a prime number?
True
Let z = -1111764 + 1561505. Is z a composite number?
False
Let b(a) = -8 - 1 + 2 + 26*a**2 - 33*a. Is b(6) composite?
True
Suppose 4*r + 3 = -3*x + 25, 5*r - 28 = -4*x. Suppose 5769 - 2085 = r*m. Let i = m + 1132. Is i a prime number?
True
Let f(w) = 2*w**3 - 60*w**2 - 32*w - 67. Let z be ((-6)/(-20))/(30/775)*4. Is f(z) prime?
True
Suppose 0 = -17*r + 119680 - 16694. Let a = r + 3735. Is a a prime number?
False
Let z(f) = -88*f**3 - 10*f**2 - 34*f - 161. Is z(-10) a prime number?
True
Let p = 606446 + 1149816. Is p a prime number?
False
Let b(p) = 25*p + 78. Let m(v) = -3*v + 76. Let z be m(17). Is b(z) composite?
True
Let j be (-12)/(-16) + (-5)/(120/18). Suppose -3*h + j*h = -35637. Is h a composite number?
True
Let u(f) be the third derivative of -3953*f**4/24 + 7*f**3/3 - 39*f**2. Is u(-1) a composite number?
False
Let n(x) = -3662 + 3622 - 4*x**2 - x**3 - 5*x**2 - 6*x**2 + 17*x. Is n(-17) prime?
False
Let y(x) = 31*x**3 + 32*x**2 + 24*x - 174. Is y(20) a composite number?
True
Let v = -3 - -5. Let h(j) = j**2 + 10*j + 23. Let r be h(-7). Suppose 3*b - b - 176 = v*g, -r*b - 3*g + 151 = 0. Is b composite?
False
Let u = -1024 - -1029. Suppose -3*n - 3880 = -13489. Suppose 0 = 6*b - 4*b + u*o - n, 0 = -3*o + 15. Is b a prime number?
False
Let r(z) = 4*z**2 + 10*z - 9. Let h be r(1). Is h/(5/4)*80533/116 a prime number?
True
Let l = 741701 + -462222. Is l a composite number?
False
Let p = 39300 - 21561. Suppose 201 = 12*d - p. Suppose -11*s + d = -2608. Is s prime?
True
Let x be (-8)/2 - (-325 + -7). Suppose -8*y - x = -4*y. Let i = y + 116. Is i a prime number?
False
Suppose 4*n - w - 8483 = 189291, -5*n + 3*w = -247221. Let q = 73474 - n. Is q prime?
False
Let i be (6/(-45)*-10)/((-6)/(-27)). Suppose 3*v - 4*k + 64975 = 0, -108288 = -2*v + 7*v - 3*k. Is 1/((i/v)/(-2)) prime?
True
Let a = 174023 - 78474. Is a a composite number?
False
Let d(g) be the first derivative of 50*g**3/3 + 43*g**2/2 - 35*g - 39. Is d(-18) composite?
False
Let z(l) = 3*l + 5 + 3 + 7 + 15*l. Let m be z(4). Suppose -4*j + 3*u = -626 + 223, 2*u - m = -j. Is j composite?
False
Let u = -78 - -123. Suppose -170899 - 177986 = -u*z. Is z a prime number?
True
Let c be -131*1/(-2) + 5/(-10). Let m = 49 - c. Is (-16)/m - (-1581 + -1) a prime number?
True
Let g(y) = -134*y - 7. Let z(s) = -669*s - 36. Let l(u) = 21*g(u) - 4*z(u). Let h be l(11). Let x = -772 - h. Is x composite?
True
Let w be -1*((-44)/77 + (-31)/7). Suppose 2734 + 11110 = d + w*z, -2*d + 27667 = 3*z. Is d composite?
False
Suppose 4*t - 2*w - 16 = -6*w, 2*t = -4*w + 16. Suppose 2*i - 25 + 21 = t. Suppose 0 = -2*h + 5*n + 2108, i*h + 5*n - 1485 = 603. Is h a prime number?
True
Let r = 695648 - 255625. Is r prime?
True
Let a(f) = -5498*f + 88. Let c be a(-13). Let r = c - 48823. Is r a composite number?
False
Let b(j) be the second derivative of 53*j**4/24 - j**3/6 + 17*j**2/2 + 11*j. Let i(f) be the first derivative of b(f). Is i(4) a prime number?
True
Let b = 193323 - 84740. Is b a prime number?
False
Suppose 3*c - 23 = 31. Let q(j) = -j**3 + 18 + c + 13*j**2 + 3*j - 37 + 5*j. Is q(10) a composite number?
False
Let m(u) = 989*u**3 - 24*u**2 + 44*u + 5. Is m(2) prime?
False
Let t = 289 + -287. Suppose -t*m + 495 = -1699. Is m a composite number?
False
Let f(k) = 3200*k + 1001. Is f(16) a prime number?
True
Suppose 7*g + l + 3 = 5*g, 5*l + 15 = 3*g. Suppose 3182 = 2*v + 2*r, g = -r + 4*r. Is v composite?
True
Let u be 2*(3/12 - (-9)/12). Suppose -u*f + 747 = -j + 6*j, -j - 1483 = -4*f. Is f a composite number?
True
Let o(c) = 49481*c + 2. Is o(1) a composite number?
True
Let d(v) = -692*v**2 - 7*v - 65. Let h be d(-6). Is ((-16)/(-20))/((-2)/h) a prime number?
False
Let m(q) = -q + 30. Let x be m(18). Let s be -12*((-44)/x - -3). Suppose -s*v + 3299 = -7*v. Is v a prime number?
True
Suppose 0 = 45*t - 19955265 + 1150350. Is t prime?
False
Suppose -13*j - 16 = -68. Is (-6 + 20/j)*-4267 a prime number?
False
Suppose 15*h = 5*q + 18*h + 5827, -q - 1162 = 4*h. Let g = q + 4259. Is g composite?
True
Suppose -9*b - 100 = -13*b. Let q(s) = s**2 - 23*s - 52. Let l be q(b). Let i(k) = -350*k + 1. Is i(l) composite?
False
Suppose 13*o = 14*o - 10. Suppose o*v - 12567 - 15623 = 0. Is v a prime number?
True
Let n(m) = m**3 - 6*m**2 + 7*m - 6. Let t be n(4). Let c = t + 6. Let r(v) = -9*v**3 - 5*v**2 + 3*v + 1. Is r(c) a composite number?
True
Let b be 7 + (-10)/5*(-2)/4. Let u be (-118)/4*b/(-1 + -3). Suppose -w - u = -r + 13, -4*r + 2*w = -278. Is r a composite number?
False
Let m(h) = 70*h**3 + 5*h**2 - 5*h + 23. Is m(7) a composite number?
True
Let t(k) = -k**2 - 8*k + 23. Let c be t(-10). Suppose 2*l + 1 = y - 2, 4*y - 4*l = 8. Is ((-246)/(-8) + y)*(7 - c) prime?
True
Let s = -98285 - -228518. Is s a prime number?
False
Let z(g) = -9621*g - 263. Is z(-6) composite?
True
Suppose -42*k = -5*k + 34*k - 284. Suppose -m + 4 = g, -33 = -2*g + 5*m - 4. Suppose 12*c + s = g*c + 1761, -4*c + 1428 = -k*s. Is c prime?
True
Suppose 0 = 27*k + 3238794 - 10131543. Is k a prime number?
False
Let q = -269 + 263. Is 29/(85/(-15) - q) a composite number?
True
Is -1*(-2)/(-10) + 1037753814/1245 composite?
False
Let i(l) = -l**3 + 8*l**2 + 4. Let c be i(8). Let f be (-13)/c - (-35)/28. Is f*14/35 - 17218/(-10) composite?
False
Suppose 7*w + 234050 = 17*w. Suppose 6*o - 5*y = 11*o - 117065, 3*y - w = -o. Is o a composite number?
False
Let y = 673460 + 56447. Is y a prime number?
True
Suppose -k - 2*m = -295834, -5*k + 3*m + 2*m = -1479200. Is k composite?
True
Suppose 2*u - 1 = -5, 4*k + 2*u = 556. Let v be (6/(-7))/((-30)/k). Suppose -c + 2*c + 5*z - 114 = 0, 3*z + 433 = v*c. Is c prime?
True
Let l be (0 - 3)/((-17)/119). Suppose -5590 = -l*g + 1067. Is g a prime number?
True
Let c(o) = -1690*o - 107. L